{"id":687,"date":"2016-08-21T14:23:04","date_gmt":"2016-08-21T14:23:04","guid":{"rendered":"http:\/\/www.elrhema.org\/?page_id=687"},"modified":"2017-12-03T19:55:28","modified_gmt":"2017-12-03T19:55:28","slug":"transmision-en-vivo-2","status":"publish","type":"page","link":"https:\/\/www.elrhema.org\/?page_id=687","title":{"rendered":"Transmisi\u00f3n en Vivo"},"content":{"rendered":"<p><img loading=\"lazy\" decoding=\"async\" class=\"alignnone wp-image-722 size-full\" src=\"https:\/\/www.elrhema.org\/wp-content\/uploads\/2016\/07\/transmision.jpg\" alt=\"transmision\" width=\"1496\" height=\"545\" srcset=\"https:\/\/www.elrhema.org\/wp-content\/uploads\/2016\/07\/transmision.jpg 1496w, https:\/\/www.elrhema.org\/wp-content\/uploads\/2016\/07\/transmision-300x109.jpg 300w, https:\/\/www.elrhema.org\/wp-content\/uploads\/2016\/07\/transmision-768x280.jpg 768w, https:\/\/www.elrhema.org\/wp-content\/uploads\/2016\/07\/transmision-1024x373.jpg 1024w, https:\/\/www.elrhema.org\/wp-content\/uploads\/2016\/07\/transmision-600x219.jpg 600w, https:\/\/www.elrhema.org\/wp-content\/uploads\/2016\/07\/transmision-250x91.jpg 250w, https:\/\/www.elrhema.org\/wp-content\/uploads\/2016\/07\/transmision-150x55.jpg 150w\" sizes=\"(max-width: 1496px) 100vw, 1496px\" \/><\/p>\n<h2 style=\"text-align: left;\"><span style=\"color: #000080;\">Con\u00e9ctate en vivo a nuestros cultos de Adoraci\u00f3n y Palabra de Dios<\/span><br \/>\n<span style=\"color: #000080;\">todos los domingos a las 11:00 am<\/span><\/h2>\n<p>En esta p\u00e1gina puedes ver la transmisi\u00f3n en directo desde nuestra casa El Rhema restaurador de Dios, para reproducir solamente debes cerrar la publicidad al inicio del reproductor. \u00a0\u00a1Qu\u00e9 Dios te bendiga y que esta palabra sea bendici\u00f3n a tu vida!<\/p>\n<p style=\"padding-left: 30px;\"><a href=\"https:\/\/m.facebook.com\/story.php?story_fbid=542497476083116&amp;id=223065824692951\">Presiona este enlace para ver<\/a><\/p>\n","protected":false},"excerpt":{"rendered":"<p>Con\u00e9ctate en vivo a nuestros cultos de Adoraci\u00f3n y Palabra de Dios todos los domingos a las 11:00 am En esta p\u00e1gina puedes ver la transmisi\u00f3n en directo desde nuestra casa El Rhema restaurador de Dios, para reproducir solamente debes cerrar la publicidad al inicio del reproductor. \u00a0\u00a1Qu\u00e9 Dios te\u2026<\/p>\n<p> <a class=\"continue-reading-link\" href=\"https:\/\/www.elrhema.org\/?page_id=687\"><span>Continue reading<\/span><i class=\"crycon-right-dir\"><\/i><\/a> <\/p>\n","protected":false},"author":2,"featured_media":0,"parent":0,"menu_order":0,"comment_status":"closed","ping_status":"closed","template":"","meta":{"footnotes":""},"_links":{"self":[{"href":"https:\/\/www.elrhema.org\/index.php?rest_route=\/wp\/v2\/pages\/687"}],"collection":[{"href":"https:\/\/www.elrhema.org\/index.php?rest_route=\/wp\/v2\/pages"}],"about":[{"href":"https:\/\/www.elrhema.org\/index.php?rest_route=\/wp\/v2\/types\/page"}],"author":[{"embeddable":true,"href":"https:\/\/www.elrhema.org\/index.php?rest_route=\/wp\/v2\/users\/2"}],"replies":[{"embeddable":true,"href":"https:\/\/www.elrhema.org\/index.php?rest_route=%2Fwp%2Fv2%2Fcomments&post=687"}],"version-history":[{"count":16,"href":"https:\/\/www.elrhema.org\/index.php?rest_route=\/wp\/v2\/pages\/687\/revisions"}],"predecessor-version":[{"id":832,"href":"https:\/\/www.elrhema.org\/index.php?rest_route=\/wp\/v2\/pages\/687\/revisions\/832"}],"wp:attachment":[{"href":"https:\/\/www.elrhema.org\/index.php?rest_route=%2Fwp%2Fv2%2Fmedia&parent=687"}],"curies":[{"name":"wp","href":"https:\/\/api.w.org\/{rel}","templated":true}]}}